04
Calculate the greatest common divisor of 21264 and 48.
48
Calculate the highest common factor of 159 and 265.
53
Calculate the greatest common divisor of 1209 and 156.
39
Calculate the greatest common factor of 260 and 104.
52
Calculate the highest common factor of 5644 and 748.
68
Calculate the highest common factor of 11963 and 7.
7
Calculate the greatest common divisor of 30 and 170.
10
Calculate the highest common factor of 1067 and 388.
97
What is the greatest common factor of 21812 and 76?
76
What is the highest common factor of 3580 and 537?
179
Calculate the highest common divisor of 230 and 80.
10
What is the highest common divisor of 1972 and 145?
29
Calculate the highest common factor of 1836 and 7038.
306
Calculate the greatest common factor of 245 and 9653.
49
Calculate the highest common divisor of 228 and 1083.
57
What is the highest common factor of 56939 and 97?
97
Calculate the highest common factor of 215 and 1376.
43
What is the greatest common divisor of 322 and 230?
46
What is the highest common divisor of 2407 and 1162?
83
Calculate the highest common factor of 44 and 5027.
11
What is the greatest common divisor of 1435 and 35?
35
Calculate the highest common divisor of 1612 and 52.
52
What is the greatest common factor of 365 and 5?
5
What is the greatest common factor of 47 and 2021?
47
What is the greatest common factor of 1 and 773?
1
Calculate the highest common divisor of 110 and 462.
22
What is the highest common factor of 210 and 20?
10
What is the greatest common divisor of 165 and 6000?
15
What is the greatest common factor of 78 and 351?
39
Calculate the highest common factor of 5 and 5255.
5
What is the greatest common factor of 8 and 37896?
8
Calculate the highest common factor of 56 and 328.
8
Calculate the greatest common factor of 59080 and 280.
280
What is the greatest common factor of 16 and 29?
1
What is the greatest common factor of 645 and 172?
43
Calculate the highest common divisor of 48 and 400.
16
What is the highest common divisor of 20 and 76840?
20
What is the highest common divisor of 80 and 5680?
80
Calculate the greatest common divisor of 650 and 50.
50
What is the greatest common factor of 117 and 1365?
39
What is the greatest common divisor of 69 and 69?
69
What is the highest common factor of 27 and 26388?
9
What is the greatest common divisor of 24935 and 10?
5
Calculate the highest common divisor of 23 and 713.
23
What is the highest common factor of 408 and 24?
24
Calculate the greatest common factor of 91 and 7.
7
What is the highest common divisor of 472 and 8?
8
What is the greatest common divisor of 62 and 162?
2
What is the highest common factor of 592 and 740?
148
Calculate the greatest common factor of 204 and 255.
51
What is the highest common factor of 968 and 1089?
121
Calculate the highest common factor of 24 and 108.
12
Calculate the greatest common factor of 13 and 10231.
13
Calculate the greatest common factor of 51 and 29937.
51
Calculate the highest common divisor of 312 and 456.
24
What is the highest common factor of 80 and 5008?
16
What is the highest common divisor of 36207 and 149?
149
What is the greatest common divisor of 1134 and 42?
42
What is the greatest common factor of 208 and 611?
13
What is the greatest common divisor of 169 and 351?
13
Calculate the greatest common factor of 95697 and 7.
7
What is the greatest common factor of 50 and 530?
10
What is the greatest common divisor of 275 and 11?
11
Calculate the highest common divisor of 9553 and 1631.
233
What is the highest common factor of 1224 and 99?
9
Calculate the greatest common divisor of 62 and 403.
31
What is the greatest common factor of 14 and 1435?
7
Calculate the greatest common factor of 22 and 2354.
22
Calculate the greatest common divisor of 15 and 205.
5
What is the highest common factor of 3894 and 88?
22
Calculate the highest common divisor of 160 and 980.
20
What is the highest common factor of 1403 and 427?
61
Calculate the greatest common factor of 455 and 2625.
35
What is the highest common factor of 88 and 1276?
44
What is the greatest common factor of 24 and 35844?
12
Calculate the highest common divisor of 33 and 319.
11
What is the greatest common divisor of 117 and 2847?
39
What is the highest common divisor of 18 and 12726?
18
What is the highest common divisor of 1235 and 299?
13
Calculate the greatest common factor of 1280 and 920.
40
What is the greatest common divisor of 79 and 17854?
79
What is the greatest common factor of 15664 and 11?
11
What is the highest common divisor of 8 and 1072?
8
Calculate the highest common factor of 74971 and 146.
73
What is the highest common factor of 3091 and 11?
11
What is the highest common factor of 15 and 258?
3
What is the highest common factor of 328 and 88?
8
What is the highest common divisor of 517 and 94?
47
What is the highest common factor of 24 and 21?
3
Calculate the highest common divisor of 732 and 150.
6
Calculate the greatest common factor of 92 and 7866.
46
Calculate the highest common factor of 5 and 13120.
5
Calculate the greatest common factor of 63 and 2943.
9
What is the highest common factor of 100 and 1700?
100
What is the greatest common divisor of 6435 and 195?
195
What is the highest common factor of 112 and 14?
14
Calculate the highest common factor of 583 and 636.
53
What is the highest common factor of 720 and 864?
144
Calculate the greatest common factor of 217 and 28.
7
Calculate the greatest common divisor of 8 and 178.
2
Calculate the highest common factor of 11552 and 416.
32
Calculate the greatest common factor of 6 and 397.
1
What is the greatest common factor of 10621 and 172?
43
Calculate the highest common divisor of 39 and 312.
39
What is the highest common factor of 73 and 25331?
73
Calculate the highest common factor of 51 and 629.
17
What is the highest common factor of 2703 and 34?
17
What is the greatest common factor of 152 and 266?
38
Calculate the highest common divisor of 364 and 140.
28
Calculate the highest common factor of 1225 and 49.
49
Calculate the greatest common divisor of 2 and 1678.
2
Calculate the greatest common factor of 114 and 95.
19
What is the greatest common divisor of 9154 and 138?
46
What is the greatest common factor of 1085 and 2945?
155
What is the highest common factor of 1082 and 4?
2
Calculate the highest common factor of 240 and 90.
30
What is the greatest common divisor of 744 and 264?
24
What is the greatest common divisor of 2898 and 168?
42
Calculate the greatest common factor of 6 and 51.
3
What is the highest common factor of 13 and 1391?
13
Calculate the highest common factor of 58696 and 23.
23
Calculate the highest common factor of 29 and 23316.
29
Calculate the greatest common divisor of 3 and 1.
1
Calculate the highest common divisor of 88 and 726.
22
Calculate the greatest common divisor of 640 and 480.
160
What is the greatest common factor of 6 and 318?
6
Calculate the greatest common factor of 63 and 7.
7
Calculate the highest common divisor of 2318 and 1952.
122
Calculate the highest common factor of 2 and 8.
2
Calculate the highest common factor of 45 and 738.
9
What is the greatest common divisor of 91 and 52?
13
Calculate the greatest common factor of 12 and 255.
3
What is the highest common factor of 16 and 904?
8
What is the highest common factor of 600 and 240?
120
What is the greatest common divisor of 10 and 3970?
10
Calculate the highest common divisor of 60445 and 35.
35
Calculate the greatest common factor of 70 and 105.
35
What is the greatest common divisor of 47 and 15839?
47
Calculate the highest common factor of 10 and 260.
10
Calculate the greatest common divisor of 36 and 117.
9
What is the highest common divisor of 26 and 1222?
26
What is the highest common factor of 168 and 1032?
24
What is the highest common divisor of 26818 and 212?
106
Calculate the greatest common factor of 54 and 12.
6
Calculate the highest common factor of 63 and 56.
7
What is the highest common factor of 24 and 54540?
12
Calculate the highest common factor of 308 and 28.
28
What is the greatest common divisor of 60 and 285?
15
What is the greatest common factor of 25 and 175?
25
What is the highest common factor of 5856 and 192?
96
Calculate t